{"text_format":"1","workbook":"xlsx","n_sheets":4,"sheets":["Master Tally","1-George_Loffredo20151016","2-Siemen_Loffredo20151016","3-Strine_Bartram20151016"],"not_rendered":{"charts":0,"images":24,"macros":1,"external_links":0,"defined_names":2,"comments":0,"pivot_tables":0},"unopened":[],"bounds":{"document_bytes":16777216,"sheet_cells":100000,"rows_first":2000,"rows_last":500,"rows_between":2000,"halvings":0,"cell_chars":16384,"cell_head_chars":4096},"cells_cut":0,"cells_raw":0,"read":"whole","date_system":"1900"}

{"sheet":"Master Tally","index":0,"n_rows":36,"n_cols":8,"rows_kept":36,"cut":false,"hidden":false,"merged":[]}
[]
[]
[]
[]
[null,null,"Event:","Westlake Inc"]
[null,null,"TF/Team:","CaTF2"]
[null,null,"Ops Period:","10-16-2015p1"]
[null,null,"Comments:","Leona & Lake Hughs"]
[]
[null,null,"Symbol","Description",null,"Total Number of Symbols in all Sheets"]
[null,1,null,"Structure No Damage",null,{"$f":"SUMPRODUCT(COUNTIF(INDIRECT(\"'\"&AllSheets&\"'!C:C\"),\"Structure No Damage\"))","v":160}]
[null,{"$f":"B11+1","v":2},null,"Structure Damaged",null,{"$f":"SUMPRODUCT(COUNTIF(INDIRECT(\"'\"&AllSheets&\"'!C:C\"),\"Structure Damaged\"))","v":1}]
[null,{"$f":"B12+1","v":3},null,"Structure Failed",null,{"$f":"SUMPRODUCT(COUNTIF(INDIRECT(\"'\"&AllSheets&\"'!C:C\"),\"Structure Failed\"))","v":0}]
[null,4,null,"Structure Destroyed",null,{"$f":"SUMPRODUCT(COUNTIF(INDIRECT(\"'\"&AllSheets&\"'!C:C\"),\"Structure Destroyed\"))","v":0},{"$f":"SUM(F11:F14)","v":161},"All Structures Searched"]
[null,5,null,"Assisted",null,{"$f":"SUMPRODUCT(COUNTIF(INDIRECT(\"'\"&AllSheets&\"'!C:C\"),\"Assisted\"))","v":0}]
[null,6,null,"Evacuated",null,{"$f":"SUMPRODUCT(COUNTIF(INDIRECT(\"'\"&AllSheets&\"'!C:C\"),\"Evacuated\"))","v":0}]
[null,7,null,"Rescued",null,{"$f":"SUMPRODUCT(COUNTIF(INDIRECT(\"'\"&AllSheets&\"'!C:C\"),\"Rescued\"))","v":0}]
[null,8,null,"Follow-Up Form",null,{"$f":"SUMPRODUCT(COUNTIF(INDIRECT(\"'\"&AllSheets&\"'!C:C\"),\"Follow-Up Form\"))","v":0}]
[null,9,null,"Victim Detected",null,{"$f":"SUMPRODUCT(COUNTIF(INDIRECT(\"'\"&AllSheets&\"'!C:C\"),\"Victim Detected\"))","v":0}]
[null,10,null,"Confirmed Victim",null,{"$f":"SUMPRODUCT(COUNTIF(INDIRECT(\"'\"&AllSheets&\"'!C:C\"),\"Confirmed Victim\"))","v":0}]
[null,11,null,"Human Remains",null,{"$f":"SUMPRODUCT(COUNTIF(INDIRECT(\"'\"&AllSheets&\"'!C:C\"),\"Human Remains\"))","v":0}]
[null,12,null,"Human Remains Removed",null,{"$f":"SUMPRODUCT(COUNTIF(INDIRECT(\"'\"&AllSheets&\"'!C:C\"),\"Human Remains Removed\"))","v":0}]
[null,13,null,"Shelter in Place",null,{"$f":"SUMPRODUCT(COUNTIF(INDIRECT(\"'\"&AllSheets&\"'!C:C\"),\"Shelter in Place\"))","v":29}]
[null,14,null,"Animal Issue",null,{"$f":"SUMPRODUCT(COUNTIF(INDIRECT(\"'\"&AllSheets&\"'!C:C\"),\"Animal Issue\"))","v":20}]
[null,15,null,"Fire Incident",null,{"$f":"SUMPRODUCT(COUNTIF(INDIRECT(\"'\"&AllSheets&\"'!C:C\"),\"Fire Incident\"))","v":0}]
[null,16,null,"Hazardous Material Incident",null,{"$f":"SUMPRODUCT(COUNTIF(INDIRECT(\"'\"&AllSheets&\"'!C:C\"),\"Hazardous Material Incident\"))","v":0}]
[null,17,null,"Targeted Search",null,{"$f":"SUMPRODUCT(COUNTIF(INDIRECT(\"'\"&AllSheets&\"'!C:C\"),\"Targeted Search\"))","v":0}]
[null,18,null,"Flood/Water Level",null,{"$f":"SUMPRODUCT(COUNTIF(INDIRECT(\"'\"&AllSheets&\"'!C:C\"),\"Flood/Water Level\"))","v":1}]
[null,19,null,"Helicopter Landing Site",null,{"$f":"SUMPRODUCT(COUNTIF(INDIRECT(\"'\"&AllSheets&\"'!C:C\"),\"Helicopter Landing Site\"))","v":0}]
[null,20,null,"Route Blocked",null,{"$f":"SUMPRODUCT(COUNTIF(INDIRECT(\"'\"&AllSheets&\"'!C:C\"),\"Route Blocked\"))","v":7}]
[null,21,null,"Extra 21",null,{"$f":"SUMPRODUCT(COUNTIF(INDIRECT(\"'\"&AllSheets&\"'!C:C\"),\"Extra 21\"))","v":0}]
[null,22,null,"Extra 22",null,{"$f":"SUMPRODUCT(COUNTIF(INDIRECT(\"'\"&AllSheets&\"'!C:C\"),\"Extra 22\"))","v":0}]
[null,23,null,"Extra 23",null,{"$f":"SUMPRODUCT(COUNTIF(INDIRECT(\"'\"&AllSheets&\"'!C:C\"),\"Extra 23\"))","v":0}]
[null,24,null,"Extra 24",null,{"$f":"SUMPRODUCT(COUNTIF(INDIRECT(\"'\"&AllSheets&\"'!C:C\"),\"Extra 24\"))","v":0}]
[]
[null,null,null,null,null,{"$f":"SUM(F11:F34)","v":218}]

{"sheet":"1-George_Loffredo20151016","index":1,"n_rows":44,"n_cols":8,"rows_kept":44,"cut":false,"hidden":false,"merged":[]}
["filename","name","meaning","time","lat","long","usng","elevation"]
["C:\\Users\\Fire\\Desktop\\FEMA Inc Converter\\GPX2KMZ Open Converter\\Output\\George_Loffredo20151016.csv",1,"Structure No Damage","2015-10-16T19:25:36Z",34.665332995355101,-118.45531697385,"11S LU 66656 36894",956.02514599999904]
["C:\\Users\\Fire\\Desktop\\FEMA Inc Converter\\GPX2KMZ Open Converter\\Output\\George_Loffredo20151016.csv",2,"Structure No Damage","2015-10-16T19:45:40Z",34.669494023546498,-118.45338603481601,"11S LU 66840 37353",958.92913799999906]
["C:\\Users\\Fire\\Desktop\\FEMA Inc Converter\\GPX2KMZ Open Converter\\Output\\George_Loffredo20151016.csv",3,"Structure No Damage","2015-10-16T19:50:30Z",34.6697869710624,-118.454109979793,"11S LU 66774 37386",967.37652600000001]
["C:\\Users\\Fire\\Desktop\\FEMA Inc Converter\\GPX2KMZ Open Converter\\Output\\George_Loffredo20151016.csv",34,"Flood/Water Level","2015-10-16T19:22:17Z",34.665320003405199,-118.455308005213,"11S LU 66657 36893",954.34344499999895]
["C:\\Users\\Fire\\Desktop\\FEMA Inc Converter\\GPX2KMZ Open Converter\\Output\\George_Loffredo20151016.csv",35,"Structure No Damage","2015-10-16T20:47:49Z",34.676231984048997,-118.454582970589,"11S LU 66741 38102",985.35253899999896]
["C:\\Users\\Fire\\Desktop\\FEMA Inc Converter\\GPX2KMZ Open Converter\\Output\\George_Loffredo20151016.csv",4,"Structure No Damage","2015-10-16T19:57:45Z",34.672202970832501,-118.45571997575399,"11S LU 66630 37656",986.06872599999895]
["C:\\Users\\Fire\\Desktop\\FEMA Inc Converter\\GPX2KMZ Open Converter\\Output\\George_Loffredo20151016.csv",5,"Structure No Damage","2015-10-16T19:58:46Z",34.672343032434497,-118.455825001001,"11S LU 66621 37672",986.235229]
["C:\\Users\\Fire\\Desktop\\FEMA Inc Converter\\GPX2KMZ Open Converter\\Output\\George_Loffredo20151016.csv",6,"Structure No Damage","2015-10-16T19:59:26Z",34.672402041032903,-118.455768004059,"11S LU 66626 37679",985.57605000000001]
["C:\\Users\\Fire\\Desktop\\FEMA Inc Converter\\GPX2KMZ Open Converter\\Output\\George_Loffredo20151016.csv",8,"Structure No Damage","2015-10-16T20:06:03Z",34.673758987337301,-118.45591996796399,"11S LU 66615 37829",981.79003899999896]
["C:\\Users\\Fire\\Desktop\\FEMA Inc Converter\\GPX2KMZ Open Converter\\Output\\George_Loffredo20151016.csv",9,"Structure No Damage","2015-10-16T20:06:57Z",34.673690004274199,-118.45589599572099,"11S LU 66617 37822",981.12530500000003]
["C:\\Users\\Fire\\Desktop\\FEMA Inc Converter\\GPX2KMZ Open Converter\\Output\\George_Loffredo20151016.csv",10,"Structure No Damage","2015-10-16T20:08:12Z",34.673198992386403,-118.45593698322701,"11S LU 66612 37767",984.90887499999894]
["C:\\Users\\Fire\\Desktop\\FEMA Inc Converter\\GPX2KMZ Open Converter\\Output\\George_Loffredo20151016.csv",11,"Structure No Damage","2015-10-16T20:15:54Z",34.676728025078702,-118.457902036607,"11S LU 66438 38161",996.67681900000002]
["C:\\Users\\Fire\\Desktop\\FEMA Inc Converter\\GPX2KMZ Open Converter\\Output\\George_Loffredo20151016.csv",12,"Shelter in Place","2015-10-16T20:44:12Z",34.676091000437701,-118.454981027171,"11S LU 66704 38087",985.45013400000005]
["C:\\Users\\Fire\\Desktop\\FEMA Inc Converter\\GPX2KMZ Open Converter\\Output\\George_Loffredo20151016.csv",13,"Structure No Damage","2015-10-16T20:45:06Z",34.676109021529498,-118.455392997711,"11S LU 66667 38089",985.78747599999895]
["C:\\Users\\Fire\\Desktop\\FEMA Inc Converter\\GPX2KMZ Open Converter\\Output\\George_Loffredo20151016.csv",14,"Structure No Damage","2015-10-16T20:46:07Z",34.6762179862707,-118.455087980255,"11S LU 66695 38101",985.47930899999903]
["C:\\Users\\Fire\\Desktop\\FEMA Inc Converter\\GPX2KMZ Open Converter\\Output\\George_Loffredo20151016.csv",141,"Shelter in Place","2015-10-16T20:47:54Z",34.676242964342201,-118.454580958932,"11S LU 66741 38103",985.29925500000002]
["C:\\Users\\Fire\\Desktop\\FEMA Inc Converter\\GPX2KMZ Open Converter\\Output\\George_Loffredo20151016.csv",16,"Structure No Damage","2015-10-16T20:50:52Z",34.676227038726203,-118.453833041712,"11S LU 66810 38100",982.82916299999897]
["C:\\Users\\Fire\\Desktop\\FEMA Inc Converter\\GPX2KMZ Open Converter\\Output\\George_Loffredo20151016.csv",17,"Structure No Damage","2015-10-16T20:51:38Z",34.676215974614003,-118.45388500951201,"11S LU 66805 38099",982.43090800000004]
["C:\\Users\\Fire\\Desktop\\FEMA Inc Converter\\GPX2KMZ Open Converter\\Output\\George_Loffredo20151016.csv",171,"Structure No Damage","2015-10-16T20:53:50Z",34.676441028714102,-118.453623997047,"11S LU 66829 38124",982.62463400000001]
["C:\\Users\\Fire\\Desktop\\FEMA Inc Converter\\GPX2KMZ Open Converter\\Output\\George_Loffredo20151016.csv",18,"Structure No Damage","2015-10-16T20:54:27Z",34.676498025655697,-118.453618967905,"11S LU 66830 38130",983.12506099999905]
["C:\\Users\\Fire\\Desktop\\FEMA Inc Converter\\GPX2KMZ Open Converter\\Output\\George_Loffredo20151016.csv",19,"Shelter in Place","2015-10-16T20:54:58Z",34.676531972363499,-118.45360899344,"11S LU 66831 38134",983.13629200000003]
["C:\\Users\\Fire\\Desktop\\FEMA Inc Converter\\GPX2KMZ Open Converter\\Output\\George_Loffredo20151016.csv",20,"Shelter in Place","2015-10-16T20:57:33Z",34.676585029810603,-118.454693024978,"11S LU 66732 38141",985.40307600000006]
["C:\\Users\\Fire\\Desktop\\FEMA Inc Converter\\GPX2KMZ Open Converter\\Output\\George_Loffredo20151016.csv",21,"Shelter in Place","2015-10-16T20:58:40Z",34.6765680145472,-118.454798972234,"11S LU 66722 38139",985.29956100000004]
["C:\\Users\\Fire\\Desktop\\FEMA Inc Converter\\GPX2KMZ Open Converter\\Output\\George_Loffredo20151016.csv",22,"Shelter in Place","2015-10-16T21:00:40Z",34.676622999831999,-118.455324014648,"11S LU 66674 38146",986.60412599999904]
["C:\\Users\\Fire\\Desktop\\FEMA Inc Converter\\GPX2KMZ Open Converter\\Output\\George_Loffredo20151016.csv",23,"Shelter in Place","2015-10-16T21:01:55Z",34.676670022308798,-118.455016985535,"11S LU 66702 38151",986.41485599999896]
["C:\\Users\\Fire\\Desktop\\FEMA Inc Converter\\GPX2KMZ Open Converter\\Output\\George_Loffredo20151016.csv",25,"Structure No Damage","2015-10-16T21:03:11Z",34.676687037572201,-118.454638961702,"11S LU 66737 38152",986.27142300000003]
["C:\\Users\\Fire\\Desktop\\FEMA Inc Converter\\GPX2KMZ Open Converter\\Output\\George_Loffredo20151016.csv",27,"Shelter in Place","2015-10-16T21:05:04Z",34.676625011488703,-118.453890960663,"11S LU 66805 38144",983.86975099999904]
["C:\\Users\\Fire\\Desktop\\FEMA Inc Converter\\GPX2KMZ Open Converter\\Output\\George_Loffredo20151016.csv",28,"Animal Issue","2015-10-16T21:07:26Z",34.676660969853401,-118.453535987064,"11S LU 66838 38148",983.895081]
["C:\\Users\\Fire\\Desktop\\FEMA Inc Converter\\GPX2KMZ Open Converter\\Output\\George_Loffredo20151016.csv",30,"Structure No Damage","2015-10-16T21:08:47Z",34.676789967343197,-118.453261982649,"11S LU 66863 38162",984.23431400000004]
["C:\\Users\\Fire\\Desktop\\FEMA Inc Converter\\GPX2KMZ Open Converter\\Output\\George_Loffredo20151016.csv",32,"Animal Issue","2015-10-16T21:14:34Z",34.677190035581503,-118.455314962193,"11S LU 66676 38209",987.22631799999897]
["C:\\Users\\Fire\\Desktop\\FEMA Inc Converter\\GPX2KMZ Open Converter\\Output\\George_Loffredo20151016.csv",33,"Shelter in Place","2015-10-16T21:15:40Z",34.677257006987901,-118.455414036288,"11S LU 66667 38217",987.18347200000005]
["C:\\Users\\Fire\\Desktop\\FEMA Inc Converter\\GPX2KMZ Open Converter\\Output\\George_Loffredo20151016.csv",34,"Shelter in Place","2015-10-16T21:16:26Z",34.677133038640001,-118.45536701381199,"11S LU 66671 38203",987.05847200000005]
["C:\\Users\\Fire\\Desktop\\FEMA Inc Converter\\GPX2KMZ Open Converter\\Output\\George_Loffredo20151016.csv",37,"Structure No Damage","2015-10-16T21:17:44Z",34.677146030589903,-118.45520800910801,"11S LU 66685 38204",987.89495799999895]
["C:\\Users\\Fire\\Desktop\\FEMA Inc Converter\\GPX2KMZ Open Converter\\Output\\George_Loffredo20151016.csv",38,"Structure No Damage","2015-10-16T21:18:30Z",34.677114011719802,-118.455086974427,"11S LU 66696 38200",988.01623500000005]
["C:\\Users\\Fire\\Desktop\\FEMA Inc Converter\\GPX2KMZ Open Converter\\Output\\George_Loffredo20151016.csv",39,"Shelter in Place","2015-10-16T21:19:43Z",34.677195986732798,-118.45480098389,"11S LU 66723 38209",986.58483899999896]
["C:\\Users\\Fire\\Desktop\\FEMA Inc Converter\\GPX2KMZ Open Converter\\Output\\George_Loffredo20151016.csv",40,"Shelter in Place","2015-10-16T21:20:31Z",34.6772320289164,-118.4546979703,"11S LU 66732 38213",986.76269500000001]
["C:\\Users\\Fire\\Desktop\\FEMA Inc Converter\\GPX2KMZ Open Converter\\Output\\George_Loffredo20151016.csv",41,"Shelter in Place","2015-10-16T21:21:58Z",34.677059026435003,-118.454378033056,"11S LU 66761 38193",986.14862100000005]
["C:\\Users\\Fire\\Desktop\\FEMA Inc Converter\\GPX2KMZ Open Converter\\Output\\George_Loffredo20151016.csv",42,"Shelter in Place","2015-10-16T21:26:12Z",34.6771689970046,-118.454014007002,"11S LU 66795 38205",986.24108899999896]
["C:\\Users\\Fire\\Desktop\\FEMA Inc Converter\\GPX2KMZ Open Converter\\Output\\George_Loffredo20151016.csv",43,"Shelter in Place","2015-10-16T21:26:50Z",34.677173020318101,-118.453362984582,"11S LU 66854 38204",986.24499500000002]
["C:\\Users\\Fire\\Desktop\\FEMA Inc Converter\\GPX2KMZ Open Converter\\Output\\George_Loffredo20151016.csv",45,"Shelter in Place","2015-10-16T21:27:19Z",34.677173020318101,-118.452966017648,"11S LU 66891 38204",986.26629600000001]
["C:\\Users\\Fire\\Desktop\\FEMA Inc Converter\\GPX2KMZ Open Converter\\Output\\George_Loffredo20151016.csv",46,"Shelter in Place","2015-10-16T21:29:12Z",34.677177965641,-118.449358027428,"11S LU 67221 38200",981.93701199999896]
["C:\\Users\\Fire\\Desktop\\FEMA Inc Converter\\GPX2KMZ Open Converter\\Output\\George_Loffredo20151016.csv",47,"Shelter in Place","2015-10-16T21:29:40Z",34.677347028627899,-118.448857041075,"11S LU 67267 38218",982.00988800000005]
["C:\\Users\\Fire\\Desktop\\FEMA Inc Converter\\GPX2KMZ Open Converter\\Output\\George_Loffredo20151016.csv",49,"Shelter in Place","2015-10-16T21:31:40Z",34.677064977586198,-118.44791198149299,"11S LU 67354 38185",985.17486599999904]

{"sheet":"2-Siemen_Loffredo20151016","index":2,"n_rows":139,"n_cols":8,"rows_kept":139,"cut":false,"hidden":false,"merged":[]}
["filename","name","meaning","time","lat","long","usng","elevation"]
["C:\\Users\\Fire\\Desktop\\FEMA Inc Converter\\GPX2KMZ Open Converter\\Output\\Siemen_Loffredo20151016.csv",1,"Route Blocked","MUD PASSIBLE",34.669548003003001,-118.45444902777599,"11S LU 66743 37360",976.23327600000005]
["C:\\Users\\Fire\\Desktop\\FEMA Inc Converter\\GPX2KMZ Open Converter\\Output\\Siemen_Loffredo20151016.csv",2,"Route Blocked","4X4",34.668405968695801,-118.45493601635,"11S LU 66696 37234",974.13745100000006]
["C:\\Users\\Fire\\Desktop\\FEMA Inc Converter\\GPX2KMZ Open Converter\\Output\\Siemen_Loffredo20151016.csv",3,"Route Blocked","2015-10-16T18:04:21Z",34.661890966817701,-118.45815902575799,"11S LU 66390 36516",939.799622]
["C:\\Users\\Fire\\Desktop\\FEMA Inc Converter\\GPX2KMZ Open Converter\\Output\\Siemen_Loffredo20151016.csv",4,"Route Blocked","2015-10-16T18:06:14Z",34.660572996363001,-118.459777990356,"11S LU 66240 36372",938.14306599999895]
["C:\\Users\\Fire\\Desktop\\FEMA Inc Converter\\GPX2KMZ Open Converter\\Output\\Siemen_Loffredo20151016.csv",5,"Animal Issue","HORSE",34.6606529597193,-118.459257977083,"11S LU 66288 36380",931.76763900000003]
["C:\\Users\\Fire\\Desktop\\FEMA Inc Converter\\GPX2KMZ Open Converter\\Output\\Siemen_Loffredo20151016.csv",6,"Animal Issue","HORSES IN STALLS",34.660720014944602,-118.45924699679,"11S LU 66289 36388",931.42950399999904]
["C:\\Users\\Fire\\Desktop\\FEMA Inc Converter\\GPX2KMZ Open Converter\\Output\\Siemen_Loffredo20151016.csv",7,"Animal Issue","HORSE",34.660393036901901,-118.459368031471,"11S LU 66277 36351",930.412598]
["C:\\Users\\Fire\\Desktop\\FEMA Inc Converter\\GPX2KMZ Open Converter\\Output\\Siemen_Loffredo20151016.csv",8,"Animal Issue","HORSE",34.660365041345301,-118.45940097235101,"11S LU 66274 36348",930.44567900000004]
["C:\\Users\\Fire\\Desktop\\FEMA Inc Converter\\GPX2KMZ Open Converter\\Output\\Siemen_Loffredo20151016.csv",9,"Structure No Damage","2015-10-16T18:38:05Z",34.6614759787917,-118.457993986085,"11S LU 66405 36470",925.66485599999896]
["C:\\Users\\Fire\\Desktop\\FEMA Inc Converter\\GPX2KMZ Open Converter\\Output\\Siemen_Loffredo20151016.csv",10,"Structure No Damage","TUFF SHED",34.661098038777702,-118.457533987239,"11S LU 66446 36427",924.52710000000002]
["C:\\Users\\Fire\\Desktop\\FEMA Inc Converter\\GPX2KMZ Open Converter\\Output\\Siemen_Loffredo20151016.csv",11,"Animal Issue","2015-10-16T18:41:37Z",34.661188982427099,-118.45750096254,"11S LU 66450 36437",924.70153800000003]
["C:\\Users\\Fire\\Desktop\\FEMA Inc Converter\\GPX2KMZ Open Converter\\Output\\Siemen_Loffredo20151016.csv",12,"Animal Issue","2015-10-16T18:41:48Z",34.661187976598697,-118.457468021661,"11S LU 66453 36437",924.69219999999905]
["C:\\Users\\Fire\\Desktop\\FEMA Inc Converter\\GPX2KMZ Open Converter\\Output\\Siemen_Loffredo20151016.csv",13,"Animal Issue","2015-10-16T18:42:01Z",34.661187976598697,-118.457327038049,"11S LU 66466 36437",924.77459699999895]
["C:\\Users\\Fire\\Desktop\\FEMA Inc Converter\\GPX2KMZ Open Converter\\Output\\Siemen_Loffredo20151016.csv",14,"Animal Issue","2015-10-16T18:42:09Z",34.661199040710898,-118.457245985046,"11S LU 66473 36438",924.81591800000001]
["C:\\Users\\Fire\\Desktop\\FEMA Inc Converter\\GPX2KMZ Open Converter\\Output\\Siemen_Loffredo20151016.csv",15,"Animal Issue","2015-10-16T18:42:11Z",34.661200968548599,-118.457241039723,"11S LU 66473 36438",924.8125]
["C:\\Users\\Fire\\Desktop\\FEMA Inc Converter\\GPX2KMZ Open Converter\\Output\\Siemen_Loffredo20151016.csv",16,"Animal Issue","2015-10-16T18:42:21Z",34.661222007125602,-118.45716199837599,"11S LU 66481 36440",926.34631300000001]
["C:\\Users\\Fire\\Desktop\\FEMA Inc Converter\\GPX2KMZ Open Converter\\Output\\Siemen_Loffredo20151016.csv",17,"Animal Issue","2015-10-16T18:42:33Z",34.661265006288801,-118.457079017534,"11S LU 66488 36445",924.89379899999904]
["C:\\Users\\Fire\\Desktop\\FEMA Inc Converter\\GPX2KMZ Open Converter\\Output\\Siemen_Loffredo20151016.csv",18,"Animal Issue","2015-10-16T18:42:35Z",34.661275986581998,-118.457066025584,"11S LU 66490 36446",924.89086899999904]
["C:\\Users\\Fire\\Desktop\\FEMA Inc Converter\\GPX2KMZ Open Converter\\Output\\Siemen_Loffredo20151016.csv",19,"Animal Issue","2015-10-16T18:42:47Z",34.661330971866803,-118.456958988681,"11S LU 66500 36452",925.72680700000001]
["C:\\Users\\Fire\\Desktop\\FEMA Inc Converter\\GPX2KMZ Open Converter\\Output\\Siemen_Loffredo20151016.csv",20,"Animal Issue","2015-10-16T18:42:58Z",34.661366008222103,-118.456829991191,"11S LU 66511 36456",925.48150599999894]
["C:\\Users\\Fire\\Desktop\\FEMA Inc Converter\\GPX2KMZ Open Converter\\Output\\Siemen_Loffredo20151016.csv",21,"Route Blocked","TREE X DRIVEWAY",34.661320997402001,-118.45665003173001,"11S LU 66528 36451",930.956726]
["C:\\Users\\Fire\\Desktop\\FEMA Inc Converter\\GPX2KMZ Open Converter\\Output\\Siemen_Loffredo20151016.csv",22,"Structure No Damage","2015-10-16T18:46:34Z",34.661645963787997,-118.455984005704,"11S LU 66589 36486",938.696594]
["C:\\Users\\Fire\\Desktop\\FEMA Inc Converter\\GPX2KMZ Open Converter\\Output\\Siemen_Loffredo20151016.csv",23,"Structure No Damage","2015-10-16T18:49:18Z",34.662738963961601,-118.45546700991601,"11S LU 66638 36606",930.86566200000004]
["C:\\Users\\Fire\\Desktop\\FEMA Inc Converter\\GPX2KMZ Open Converter\\Output\\Siemen_Loffredo20151016.csv",24,"Structure No Damage","2015-10-16T18:51:43Z",34.6627819631248,-118.455400960519,"11S LU 66645 36611",930.28137200000003]
["C:\\Users\\Fire\\Desktop\\FEMA Inc Converter\\GPX2KMZ Open Converter\\Output\\Siemen_Loffredo20151016.csv",25,"Structure No Damage","2015-10-16T18:52:20Z",34.662801995873401,-118.455438008531,"11S LU 66641 36613",930.16747999999905]
["C:\\Users\\Fire\\Desktop\\FEMA Inc Converter\\GPX2KMZ Open Converter\\Output\\Siemen_Loffredo20151016.csv",26,"Structure No Damage","2015-10-16T18:52:21Z",34.662801995873401,-118.455438008531,"11S LU 66641 36613",930.165344]
["C:\\Users\\Fire\\Desktop\\FEMA Inc Converter\\GPX2KMZ Open Converter\\Output\\Siemen_Loffredo20151016.csv",27,"Structure No Damage","2015-10-16T18:52:22Z",34.662801995873401,-118.455438008531,"11S LU 66641 36613",930.16320800000005]
["C:\\Users\\Fire\\Desktop\\FEMA Inc Converter\\GPX2KMZ Open Converter\\Output\\Siemen_Loffredo20151016.csv",28,"Structure No Damage","2015-10-16T18:52:34Z",34.6627979725599,-118.45542702823801,"11S LU 66642 36613",929.98931900000002]
["C:\\Users\\Fire\\Desktop\\FEMA Inc Converter\\GPX2KMZ Open Converter\\Output\\Siemen_Loffredo20151016.csv",29,"Structure No Damage","GARAGE",34.6628449950367,-118.455343963578,"11S LU 66650 36618",929.74816899999905]
["C:\\Users\\Fire\\Desktop\\FEMA Inc Converter\\GPX2KMZ Open Converter\\Output\\Siemen_Loffredo20151016.csv",30,"Structure No Damage","2015-10-16T18:59:52Z",34.663251014426301,-118.45523399300799,"11S LU 66661 36663",931.11010699999895]
["C:\\Users\\Fire\\Desktop\\FEMA Inc Converter\\GPX2KMZ Open Converter\\Output\\Siemen_Loffredo20151016.csv",31,"Shelter in Place","2015-10-16T19:00:33Z",34.663347993046003,-118.455255031585,"11S LU 66659 36674",931.70806900000002]
["C:\\Users\\Fire\\Desktop\\FEMA Inc Converter\\GPX2KMZ Open Converter\\Output\\Siemen_Loffredo20151016.csv",32,"Structure No Damage","2015-10-16T19:03:40Z",34.663434997200902,-118.455256959423,"11S LU 66659 36683",932.15686000000005]
["C:\\Users\\Fire\\Desktop\\FEMA Inc Converter\\GPX2KMZ Open Converter\\Output\\Siemen_Loffredo20151016.csv",33,"Animal Issue","2015-10-16T19:09:49Z",34.6638639830052,-118.454077038913,"11S LU 66768 36729",938.55560300000002]
["C:\\Users\\Fire\\Desktop\\FEMA Inc Converter\\GPX2KMZ Open Converter\\Output\\Siemen_Loffredo20151016.csv",34,"Animal Issue","2015-10-16T19:10:20Z",34.664008989930103,-118.453959021717,"11S LU 66779 36745",940.21374500000002]
["C:\\Users\\Fire\\Desktop\\FEMA Inc Converter\\GPX2KMZ Open Converter\\Output\\Siemen_Loffredo20151016.csv",35,"Structure No Damage","SHED",34.663893990218597,-118.453819965943,"11S LU 66791 36732",939.48211700000002]
["C:\\Users\\Fire\\Desktop\\FEMA Inc Converter\\GPX2KMZ Open Converter\\Output\\Siemen_Loffredo20151016.csv",36,"Structure No Damage","2015-10-16T19:11:55Z",34.663691986352198,-118.45378099009299,"11S LU 66795 36710",943.21112100000005]
["C:\\Users\\Fire\\Desktop\\FEMA Inc Converter\\GPX2KMZ Open Converter\\Output\\Siemen_Loffredo20151016.csv",37,"Structure No Damage","2015-10-16T19:12:31Z",34.663289990275999,-118.45384201034901,"11S LU 66788 36665",945.57916299999897]
["C:\\Users\\Fire\\Desktop\\FEMA Inc Converter\\GPX2KMZ Open Converter\\Output\\Siemen_Loffredo20151016.csv",38,"Structure No Damage","2015-10-16T19:12:50Z",34.663428962230597,-118.453660039231,"11S LU 66805 36681",946.84704599999895]
["C:\\Users\\Fire\\Desktop\\FEMA Inc Converter\\GPX2KMZ Open Converter\\Output\\Siemen_Loffredo20151016.csv",39,"Structure Damaged","MUD BK DOOR",34.6662519872188,-118.45544999465299,"11S LU 66646 36996",965.16662599999904]
["C:\\Users\\Fire\\Desktop\\FEMA Inc Converter\\GPX2KMZ Open Converter\\Output\\Siemen_Loffredo20151016.csv",40,"Structure No Damage","2015-10-16T19:44:33Z",34.668219974264503,-118.453471027314,"11S LU 66830 37212",956.53497300000004]
["C:\\Users\\Fire\\Desktop\\FEMA Inc Converter\\GPX2KMZ Open Converter\\Output\\Siemen_Loffredo20151016.csv",41,"Structure No Damage","SHED",34.667446995154002,-118.453889032825,"11S LU 66791 37127",954.167419]
["C:\\Users\\Fire\\Desktop\\FEMA Inc Converter\\GPX2KMZ Open Converter\\Output\\Siemen_Loffredo20151016.csv",42,"Structure No Damage","SHED",34.6696189977228,-118.454694030806,"11S LU 66720 37368",978.520081]
["C:\\Users\\Fire\\Desktop\\FEMA Inc Converter\\GPX2KMZ Open Converter\\Output\\Siemen_Loffredo20151016.csv",43,"Structure No Damage","2015-10-16T19:55:08Z",34.669986963272002,-118.455569017678,"11S LU 66641 37410",994.56866500000001]
["C:\\Users\\Fire\\Desktop\\FEMA Inc Converter\\GPX2KMZ Open Converter\\Output\\Siemen_Loffredo20151016.csv",44,"Structure No Damage","2015-10-16T19:55:46Z",34.669721005484398,-118.455701032653,"11S LU 66628 37381",995.71801800000003]
["C:\\Users\\Fire\\Desktop\\FEMA Inc Converter\\GPX2KMZ Open Converter\\Output\\Siemen_Loffredo20151016.csv",45,"Structure No Damage","2015-10-16T19:56:17Z",34.669824019074397,-118.455801028758,"11S LU 66619 37393",1000.138184]
["C:\\Users\\Fire\\Desktop\\FEMA Inc Converter\\GPX2KMZ Open Converter\\Output\\Siemen_Loffredo20151016.csv",46,"Structure No Damage","2015-10-16T20:07:36Z",34.672956001013503,-118.454566961154,"11S LU 66737 37738",977.70416299999897]
["C:\\Users\\Fire\\Desktop\\FEMA Inc Converter\\GPX2KMZ Open Converter\\Output\\Siemen_Loffredo20151016.csv",47,"Shelter in Place","2015-10-16T20:07:57Z",34.672995982691603,-118.454545000568,"11S LU 66739 37743",977.83166500000004]
["C:\\Users\\Fire\\Desktop\\FEMA Inc Converter\\GPX2KMZ Open Converter\\Output\\Siemen_Loffredo20151016.csv",48,"Shelter in Place","2015-10-16T20:08:07Z",34.673007968813103,-118.454541983082,"11S LU 66740 37744",977.84600799999896]
["C:\\Users\\Fire\\Desktop\\FEMA Inc Converter\\GPX2KMZ Open Converter\\Output\\Siemen_Loffredo20151016.csv",49,"Structure No Damage","2015-10-16T20:08:10Z",34.673011992126703,-118.454540977254,"11S LU 66740 37745",977.85345500000005]
["C:\\Users\\Fire\\Desktop\\FEMA Inc Converter\\GPX2KMZ Open Converter\\Output\\Siemen_Loffredo20151016.csv",50,"Structure No Damage","GST HS",34.672886012121999,-118.454693024978,"11S LU 66726 37731",978.778503]
["C:\\Users\\Fire\\Desktop\\FEMA Inc Converter\\GPX2KMZ Open Converter\\Output\\Siemen_Loffredo20151016.csv",51,"Structure No Damage","GARAGE",34.672572026029201,-118.454850018024,"11S LU 66711 37696",979.010132]
["C:\\Users\\Fire\\Desktop\\FEMA Inc Converter\\GPX2KMZ Open Converter\\Output\\Siemen_Loffredo20151016.csv",52,"Structure No Damage","SHED",34.672465994954102,-118.454554975032,"11S LU 66738 37684",977.88531499999897]
["C:\\Users\\Fire\\Desktop\\FEMA Inc Converter\\GPX2KMZ Open Converter\\Output\\Siemen_Loffredo20151016.csv",53,"Shelter in Place","2015-10-16T20:23:41Z",34.674415960907901,-118.45325200818399,"11S LU 66860 37899",984.81738299999904]
["C:\\Users\\Fire\\Desktop\\FEMA Inc Converter\\GPX2KMZ Open Converter\\Output\\Siemen_Loffredo20151016.csv",54,"Shelter in Place","2015-10-16T20:23:51Z",34.674405986443098,-118.453247984871,"11S LU 66860 37897",984.80639599999904]
["C:\\Users\\Fire\\Desktop\\FEMA Inc Converter\\GPX2KMZ Open Converter\\Output\\Siemen_Loffredo20151016.csv",55,"Structure No Damage","2015-10-16T20:23:55Z",34.674403974786401,-118.453243039548,"11S LU 66861 37897",984.80157499999905]
["C:\\Users\\Fire\\Desktop\\FEMA Inc Converter\\GPX2KMZ Open Converter\\Output\\Siemen_Loffredo20151016.csv",56,"Structure No Damage","2015-10-16T20:27:29Z",34.674429036676798,-118.453040029853,"11S LU 66880 37900",987.44628899999896]
["C:\\Users\\Fire\\Desktop\\FEMA Inc Converter\\GPX2KMZ Open Converter\\Output\\Siemen_Loffredo20151016.csv",57,"Structure No Damage","2015-10-16T20:32:09Z",34.6753740124404,-118.453807979822,"11S LU 66811 38006",984.22845500000005]
["C:\\Users\\Fire\\Desktop\\FEMA Inc Converter\\GPX2KMZ Open Converter\\Output\\Siemen_Loffredo20151016.csv",58,"Shelter in Place","2015-10-16T20:32:46Z",34.675436960533197,-118.453561970964,"11S LU 66833 38012",983.76721199999895]
["C:\\Users\\Fire\\Desktop\\FEMA Inc Converter\\GPX2KMZ Open Converter\\Output\\Siemen_Loffredo20151016.csv",59,"Shelter in Place","2015-10-16T20:32:59Z",34.6754330210387,-118.453559037297,"11S LU 66834 38012",983.75830099999905]
["C:\\Users\\Fire\\Desktop\\FEMA Inc Converter\\GPX2KMZ Open Converter\\Output\\Siemen_Loffredo20151016.csv",60,"Shelter in Place","2015-10-16T20:33:01Z",34.6754330210387,-118.453558031469,"11S LU 66834 38012",983.75756799999897]
["C:\\Users\\Fire\\Desktop\\FEMA Inc Converter\\GPX2KMZ Open Converter\\Output\\Siemen_Loffredo20151016.csv",61,"Structure No Damage","2015-10-16T20:33:03Z",34.6754330210387,-118.453558031469,"11S LU 66834 38012",983.75695800000005]
["C:\\Users\\Fire\\Desktop\\FEMA Inc Converter\\GPX2KMZ Open Converter\\Output\\Siemen_Loffredo20151016.csv",62,"Structure No Damage","2015-10-16T20:35:24Z",34.675468979403298,-118.45341503620099,"11S LU 66847 38016",985.524902]
["C:\\Users\\Fire\\Desktop\\FEMA Inc Converter\\GPX2KMZ Open Converter\\Output\\Siemen_Loffredo20151016.csv",63,"Structure No Damage","GARAGE",34.675344005226997,-118.453185036778,"11S LU 66868 38001",985.98791500000004]
["C:\\Users\\Fire\\Desktop\\FEMA Inc Converter\\GPX2KMZ Open Converter\\Output\\Siemen_Loffredo20151016.csv",64,"Structure No Damage","2015-10-16T20:37:43Z",34.675898971035998,-118.45367403700899,"11S LU 66824 38064",986.40832499999897]
["C:\\Users\\Fire\\Desktop\\FEMA Inc Converter\\GPX2KMZ Open Converter\\Output\\Siemen_Loffredo20151016.csv",65,"Structure No Damage","2015-10-16T20:39:13Z",34.676241958513799,-118.453251002356,"11S LU 66863 38101",987.74194299999897]
["C:\\Users\\Fire\\Desktop\\FEMA Inc Converter\\GPX2KMZ Open Converter\\Output\\Siemen_Loffredo20151016.csv",66,"Structure No Damage","2015-10-16T20:39:51Z",34.676315970718797,-118.453123010694,"11S LU 66875 38109",987.43420400000002]
["C:\\Users\\Fire\\Desktop\\FEMA Inc Converter\\GPX2KMZ Open Converter\\Output\\Siemen_Loffredo20151016.csv",68,"Shelter in Place","2015-10-16T20:40:20Z",34.676303984597297,-118.453105995431,"11S LU 66877 38108",987.74054000000001]
["C:\\Users\\Fire\\Desktop\\FEMA Inc Converter\\GPX2KMZ Open Converter\\Output\\Siemen_Loffredo20151016.csv",69,"Structure No Damage","2015-10-16T20:40:47Z",34.676300967112098,-118.453105995431,"11S LU 66877 38107",987.11920199999895]
["C:\\Users\\Fire\\Desktop\\FEMA Inc Converter\\GPX2KMZ Open Converter\\Output\\Siemen_Loffredo20151016.csv",70,"Structure No Damage","2015-10-16T20:42:17Z",34.676430970430303,-118.453026032075,"11S LU 66884 38122",986.57116699999904]
["C:\\Users\\Fire\\Desktop\\FEMA Inc Converter\\GPX2KMZ Open Converter\\Output\\Siemen_Loffredo20151016.csv",71,"Structure No Damage","2015-10-16T20:44:20Z",34.676979985088103,-118.452832996845,"11S LU 66903 38182",988.39288299999896]
["C:\\Users\\Fire\\Desktop\\FEMA Inc Converter\\GPX2KMZ Open Converter\\Output\\Siemen_Loffredo20151016.csv",72,"Structure No Damage","2015-10-16T20:48:32Z",34.676737999543498,-118.452654965221,"11S LU 66919 38155",985.894409]
["C:\\Users\\Fire\\Desktop\\FEMA Inc Converter\\GPX2KMZ Open Converter\\Output\\Siemen_Loffredo20151016.csv",73,"Shelter in Place","2015-10-16T20:48:44Z",34.676730958744798,-118.452654965221,"11S LU 66919 38155",987.57110599999896]
["C:\\Users\\Fire\\Desktop\\FEMA Inc Converter\\GPX2KMZ Open Converter\\Output\\Siemen_Loffredo20151016.csv",74,"Structure No Damage","2015-10-16T20:49:09Z",34.676724001765201,-118.452653037384,"11S LU 66919 38154",987.13000499999896]
["C:\\Users\\Fire\\Desktop\\FEMA Inc Converter\\GPX2KMZ Open Converter\\Output\\Siemen_Loffredo20151016.csv",75,"Structure No Damage","2015-10-16T20:51:46Z",34.676025034859698,-118.452612971886,"11S LU 66921 38076",985.38299600000005]
["C:\\Users\\Fire\\Desktop\\FEMA Inc Converter\\GPX2KMZ Open Converter\\Output\\Siemen_Loffredo20151016.csv",76,"Animal Issue","2015-10-16T20:51:56Z",34.6760149765759,-118.452630992978,"11S LU 66920 38075",985.33398399999896]
["C:\\Users\\Fire\\Desktop\\FEMA Inc Converter\\GPX2KMZ Open Converter\\Output\\Siemen_Loffredo20151016.csv",77,"Animal Issue","2015-10-16T20:52:04Z",34.676013970747498,-118.452641973271,"11S LU 66919 38075",985.30163600000003]
["C:\\Users\\Fire\\Desktop\\FEMA Inc Converter\\GPX2KMZ Open Converter\\Output\\Siemen_Loffredo20151016.csv",78,"Structure No Damage","2015-10-16T20:52:36Z",34.676023023203001,-118.45237903296901,"11S LU 66943 38076",985.66162099999895]
["C:\\Users\\Fire\\Desktop\\FEMA Inc Converter\\GPX2KMZ Open Converter\\Output\\Siemen_Loffredo20151016.csv",79,"Structure No Damage","2015-10-16T20:53:36Z",34.6756800357252,-118.452233020216,"11S LU 66956 38037",984.42480499999897]
["C:\\Users\\Fire\\Desktop\\FEMA Inc Converter\\GPX2KMZ Open Converter\\Output\\Siemen_Loffredo20151016.csv",80,"Structure No Damage","2015-10-16T20:54:09Z",34.675709037110202,-118.451862959191,"11S LU 66989 38040",984.83953899999904]
["C:\\Users\\Fire\\Desktop\\FEMA Inc Converter\\GPX2KMZ Open Converter\\Output\\Siemen_Loffredo20151016.csv",81,"Structure No Damage","2015-10-16T20:54:22Z",34.675824958831001,-118.451866982504,"11S LU 66989 38053",984.89733899999896]
["C:\\Users\\Fire\\Desktop\\FEMA Inc Converter\\GPX2KMZ Open Converter\\Output\\Siemen_Loffredo20151016.csv",82,"Structure No Damage","2015-10-16T20:54:48Z",34.675713982433003,-118.451623991131,"11S LU 67011 38040",984.01580799999897]
["C:\\Users\\Fire\\Desktop\\FEMA Inc Converter\\GPX2KMZ Open Converter\\Output\\Siemen_Loffredo20151016.csv",83,"Structure No Damage","2015-10-16T20:55:08Z",34.675715994089799,-118.45145501196301,"11S LU 67027 38040",984.256348]
["C:\\Users\\Fire\\Desktop\\FEMA Inc Converter\\GPX2KMZ Open Converter\\Output\\Siemen_Loffredo20151016.csv",84,"Structure No Damage","2015-10-16T20:55:40Z",34.675735021009999,-118.45111202448599,"11S LU 67058 38042",984.72882100000004]
["C:\\Users\\Fire\\Desktop\\FEMA Inc Converter\\GPX2KMZ Open Converter\\Output\\Siemen_Loffredo20151016.csv",85,"Structure No Damage","2015-10-16T20:56:16Z",34.675520025193599,-118.45091697759899,"11S LU 67076 38018",983.77172900000005]
["C:\\Users\\Fire\\Desktop\\FEMA Inc Converter\\GPX2KMZ Open Converter\\Output\\Siemen_Loffredo20151016.csv",86,"Structure No Damage","SHED",34.675516001880098,-118.45091597177,"11S LU 67076 38017",983.76171899999895]
["C:\\Users\\Fire\\Desktop\\FEMA Inc Converter\\GPX2KMZ Open Converter\\Output\\Siemen_Loffredo20151016.csv",87,"Structure No Damage","2015-10-16T20:57:07Z",34.675707025453399,-118.450832990929,"11S LU 67084 38039",984.20886199999904]
["C:\\Users\\Fire\\Desktop\\FEMA Inc Converter\\GPX2KMZ Open Converter\\Output\\Siemen_Loffredo20151016.csv",88,"Structure No Damage","GARAGE",34.675711970776298,-118.45083701424301,"11S LU 67083 38039",984.19946300000004]
["C:\\Users\\Fire\\Desktop\\FEMA Inc Converter\\GPX2KMZ Open Converter\\Output\\Siemen_Loffredo20151016.csv",89,"Structure No Damage","2015-10-16T20:57:46Z",34.6758630126714,-118.45085302367799,"11S LU 67082 38056",983.93633999999895]
["C:\\Users\\Fire\\Desktop\\FEMA Inc Converter\\GPX2KMZ Open Converter\\Output\\Siemen_Loffredo20151016.csv",90,"Structure No Damage","2015-10-16T20:58:51Z",34.676577989012003,-118.450985960662,"11S LU 67071 38135",984.93432600000006]
["C:\\Users\\Fire\\Desktop\\FEMA Inc Converter\\GPX2KMZ Open Converter\\Output\\Siemen_Loffredo20151016.csv",91,"Structure No Damage","2015-10-16T20:59:43Z",34.6765009593218,-118.451402038335,"11S LU 67033 38127",984.71227999999905]
["C:\\Users\\Fire\\Desktop\\FEMA Inc Converter\\GPX2KMZ Open Converter\\Output\\Siemen_Loffredo20151016.csv",92,"Structure No Damage","PIGEON COUP",34.676499031484099,-118.45140103250699,"11S LU 67033 38127",984.69860800000004]
["C:\\Users\\Fire\\Desktop\\FEMA Inc Converter\\GPX2KMZ Open Converter\\Output\\Siemen_Loffredo20151016.csv",93,"Structure No Damage","2015-10-16T21:00:52Z",34.676362993195603,-118.451840998604,"11S LU 66993 38113",984.81909199999905]
["C:\\Users\\Fire\\Desktop\\FEMA Inc Converter\\GPX2KMZ Open Converter\\Output\\Siemen_Loffredo20151016.csv",94,"Structure No Damage","2015-10-16T21:01:14Z",34.676331980153897,-118.452092958614,"11S LU 66969 38110",985.18335000000002]
["C:\\Users\\Fire\\Desktop\\FEMA Inc Converter\\GPX2KMZ Open Converter\\Output\\Siemen_Loffredo20151016.csv",95,"Structure No Damage","2015-10-16T21:01:27Z",34.676459971815298,-118.452093964442,"11S LU 66970 38124",985.23584000000005]
["C:\\Users\\Fire\\Desktop\\FEMA Inc Converter\\GPX2KMZ Open Converter\\Output\\Siemen_Loffredo20151016.csv",96,"Structure No Damage","2 WATER PUMP HOUSE",34.676502970978603,-118.45221902243701,"11S LU 66958 38129",985.72924799999896]
["C:\\Users\\Fire\\Desktop\\FEMA Inc Converter\\GPX2KMZ Open Converter\\Output\\Siemen_Loffredo20151016.csv",97,"Structure No Damage","2015-10-16T21:07:02Z",34.677123986184498,-118.451685011386,"11S LU 67008 38197",986.65051300000005]
["C:\\Users\\Fire\\Desktop\\FEMA Inc Converter\\GPX2KMZ Open Converter\\Output\\Siemen_Loffredo20151016.csv",98,"Structure No Damage","GARAGE",34.677108982577899,-118.451623991131,"11S LU 67014 38195",986.64050299999894]
["C:\\Users\\Fire\\Desktop\\FEMA Inc Converter\\GPX2KMZ Open Converter\\Output\\Siemen_Loffredo20151016.csv",99,"Structure No Damage","2015-10-16T21:07:38Z",34.677128009498098,-118.45149700529799,"11S LU 67025 38197",984.82592799999895]
["C:\\Users\\Fire\\Desktop\\FEMA Inc Converter\\GPX2KMZ Open Converter\\Output\\Siemen_Loffredo20151016.csv",100,"Structure No Damage","2015-10-16T21:07:50Z",34.677070006728101,-118.45141100697199,"11S LU 67033 38190",984.96899399999904]
["C:\\Users\\Fire\\Desktop\\FEMA Inc Converter\\GPX2KMZ Open Converter\\Output\\Siemen_Loffredo20151016.csv",101,"Structure No Damage","2015-10-16T21:08:01Z",34.677032958716097,-118.45122501253999,"11S LU 67050 38186",985.07336399999895]
["C:\\Users\\Fire\\Desktop\\FEMA Inc Converter\\GPX2KMZ Open Converter\\Output\\Siemen_Loffredo20151016.csv",102,"Structure No Damage","GARAGE",34.676843024790202,-118.45091697759899,"11S LU 67078 38165",983.48950200000002]
["C:\\Users\\Fire\\Desktop\\FEMA Inc Converter\\GPX2KMZ Open Converter\\Output\\Siemen_Loffredo20151016.csv",103,"Structure No Damage","2015-10-16T21:09:56Z",34.675019960850399,-118.451622985303,"11S LU 67010 37963",988.31005900000002]
["C:\\Users\\Fire\\Desktop\\FEMA Inc Converter\\GPX2KMZ Open Converter\\Output\\Siemen_Loffredo20151016.csv",104,"Structure No Damage","SHEED",34.674981990829103,-118.45189799554601,"11S LU 66985 37960",990.89141800000004]
["C:\\Users\\Fire\\Desktop\\FEMA Inc Converter\\GPX2KMZ Open Converter\\Output\\Siemen_Loffredo20151016.csv",105,"Structure No Damage","SHED",34.674237007275202,-118.45110699534401,"11S LU 67056 37876",1011.852661]
["C:\\Users\\Fire\\Desktop\\FEMA Inc Converter\\GPX2KMZ Open Converter\\Output\\Siemen_Loffredo20151016.csv",106,"Structure No Damage","2015-10-16T21:11:23Z",34.674286041408699,-118.450884036719,"11S LU 67077 37881",1011.83374]
["C:\\Users\\Fire\\Desktop\\FEMA Inc Converter\\GPX2KMZ Open Converter\\Output\\Siemen_Loffredo20151016.csv",107,"Structure No Damage","2015-10-16T21:11:42Z",34.674159977584999,-118.45021499320799,"11S LU 67138 37866",1019.229187]
["C:\\Users\\Fire\\Desktop\\FEMA Inc Converter\\GPX2KMZ Open Converter\\Output\\Siemen_Loffredo20151016.csv",108,"Structure No Damage","SHED",34.674142962321604,-118.449838981032,"11S LU 67172 37864",1019.123596]
["C:\\Users\\Fire\\Desktop\\FEMA Inc Converter\\GPX2KMZ Open Converter\\Output\\Siemen_Loffredo20151016.csv",109,"Structure No Damage","2015-10-16T21:12:22Z",34.674220997840102,-118.44948300160399,"11S LU 67205 37872",1018.329346]
["C:\\Users\\Fire\\Desktop\\FEMA Inc Converter\\GPX2KMZ Open Converter\\Output\\Siemen_Loffredo20151016.csv",110,"Route Blocked","ROAD CLOSED",34.674146985635097,-118.448292016983,"11S LU 67314 37862",1006.7035519999901]
["C:\\Users\\Fire\\Desktop\\FEMA Inc Converter\\GPX2KMZ Open Converter\\Output\\Siemen_Loffredo20151016.csv",111,"Route Blocked","2015-10-16T21:15:55Z",34.6754419896751,-118.45063098706299,"11S LU 67102 38009",983.29547100000002]
["C:\\Users\\Fire\\Desktop\\FEMA Inc Converter\\GPX2KMZ Open Converter\\Output\\Siemen_Loffredo20151016.csv",112,"Structure No Damage","2015-10-16T21:16:08Z",34.675442995503502,-118.450616989284,"11S LU 67103 38009",984.62646500000005]
["C:\\Users\\Fire\\Desktop\\FEMA Inc Converter\\GPX2KMZ Open Converter\\Output\\Siemen_Loffredo20151016.csv",113,"Structure No Damage","2015-10-16T21:18:40Z",34.676471035927499,-118.450037967413,"11S LU 67158 38122",981.88348399999904]
["C:\\Users\\Fire\\Desktop\\FEMA Inc Converter\\GPX2KMZ Open Converter\\Output\\Siemen_Loffredo20151016.csv",114,"Structure No Damage","2015-10-16T21:19:37Z",34.676629034802303,-118.449931014329,"11S LU 67168 38140",981.62854000000004]
["C:\\Users\\Fire\\Desktop\\FEMA Inc Converter\\GPX2KMZ Open Converter\\Output\\Siemen_Loffredo20151016.csv",115,"Structure No Damage","2015-10-16T21:19:47Z",34.676802959293099,-118.44979497604,"11S LU 67181 38159",981.36676]
["C:\\Users\\Fire\\Desktop\\FEMA Inc Converter\\GPX2KMZ Open Converter\\Output\\Siemen_Loffredo20151016.csv",116,"Structure No Damage","2015-10-16T21:20:06Z",34.677072018384898,-118.449711995199,"11S LU 67189 38188",980.94427499999904]
["C:\\Users\\Fire\\Desktop\\FEMA Inc Converter\\GPX2KMZ Open Converter\\Output\\Siemen_Loffredo20151016.csv",117,"Structure No Damage","2015-10-16T21:20:21Z",34.677050979807902,-118.45020099543,"11S LU 67144 38187",981.90167199999905]
["C:\\Users\\Fire\\Desktop\\FEMA Inc Converter\\GPX2KMZ Open Converter\\Output\\Siemen_Loffredo20151016.csv",118,"Structure No Damage","2015-10-16T21:20:38Z",34.677048968151198,-118.450658982619,"11S LU 67102 38187",983.01843299999905]
["C:\\Users\\Fire\\Desktop\\FEMA Inc Converter\\GPX2KMZ Open Converter\\Output\\Siemen_Loffredo20151016.csv",119,"Structure No Damage","2015-10-16T21:20:52Z",34.677103031426597,-118.45124496147,"11S LU 67048 38194",983.56085199999904]
["C:\\Users\\Fire\\Desktop\\FEMA Inc Converter\\GPX2KMZ Open Converter\\Output\\Siemen_Loffredo20151016.csv",120,"Structure No Damage","2015-10-16T21:25:54Z",34.677127003669703,-118.454241994768,"11S LU 66774 38201",987.25421100000005]
["C:\\Users\\Fire\\Desktop\\FEMA Inc Converter\\GPX2KMZ Open Converter\\Output\\Siemen_Loffredo20151016.csv",121,"Structure No Damage","2015-10-16T21:26:23Z",34.677137983962801,-118.453816026449,"11S LU 66813 38201",986.13934300000005]
["C:\\Users\\Fire\\Desktop\\FEMA Inc Converter\\GPX2KMZ Open Converter\\Output\\Siemen_Loffredo20151016.csv",122,"Structure No Damage","2015-10-16T21:26:33Z",34.677134966477702,-118.453617962077,"11S LU 66831 38201",986.12274200000002]
["C:\\Users\\Fire\\Desktop\\FEMA Inc Converter\\GPX2KMZ Open Converter\\Output\\Siemen_Loffredo20151016.csv",123,"Structure No Damage","2015-10-16T21:26:42Z",34.6771219745278,-118.453434985131,"11S LU 66848 38199",985.74499500000002]
["C:\\Users\\Fire\\Desktop\\FEMA Inc Converter\\GPX2KMZ Open Converter\\Output\\Siemen_Loffredo20151016.csv",124,"Structure No Damage","2015-10-16T21:26:54Z",34.677119962870997,-118.453241027891,"11S LU 66865 38198",985.47808799999905]
["C:\\Users\\Fire\\Desktop\\FEMA Inc Converter\\GPX2KMZ Open Converter\\Output\\Siemen_Loffredo20151016.csv",125,"Structure No Damage","2015-10-16T21:29:36Z",34.677271004766197,-118.448877995833,"11S LU 67265 38209",985.41650400000003]
["C:\\Users\\Fire\\Desktop\\FEMA Inc Converter\\GPX2KMZ Open Converter\\Output\\Siemen_Loffredo20151016.csv",126,"Structure No Damage","2015-10-16T21:31:20Z",34.677172014489699,-118.448263015598,"11S LU 67322 38198",985.049622]
["C:\\Users\\Fire\\Desktop\\FEMA Inc Converter\\GPX2KMZ Open Converter\\Output\\Siemen_Loffredo20151016.csv",127,"Structure No Damage","2015-10-16T21:31:30Z",34.677076041698399,-118.448070986196,"11S LU 67339 38187",985.20135500000004]
["C:\\Users\\Fire\\Desktop\\FEMA Inc Converter\\GPX2KMZ Open Converter\\Output\\Siemen_Loffredo20151016.csv",128,"Structure No Damage","2015-10-16T21:31:46Z",34.6770499739795,-118.44783000648,"11S LU 67361 38184",986.05291699999896]
["C:\\Users\\Fire\\Desktop\\FEMA Inc Converter\\GPX2KMZ Open Converter\\Output\\Siemen_Loffredo20151016.csv",129,"Structure No Damage","2015-10-16T21:32:20Z",34.676871020346802,-118.44765901565501,"11S LU 67376 38163",983.70092799999895]
["C:\\Users\\Fire\\Desktop\\FEMA Inc Converter\\GPX2KMZ Open Converter\\Output\\Siemen_Loffredo20151016.csv",130,"Structure No Damage","2015-10-16T21:32:27Z",34.676863979548202,-118.447583997622,"11S LU 67383 38163",984.22460899999896]
["C:\\Users\\Fire\\Desktop\\FEMA Inc Converter\\GPX2KMZ Open Converter\\Output\\Siemen_Loffredo20151016.csv",131,"Structure No Damage","2015-10-16T21:32:44Z",34.677030025050001,-118.44761802814899,"11S LU 67381 38181",985.70764199999905]
["C:\\Users\\Fire\\Desktop\\FEMA Inc Converter\\GPX2KMZ Open Converter\\Output\\Siemen_Loffredo20151016.csv",132,"Structure No Damage","2015-10-16T21:33:43Z",34.677539980039001,-118.44787501730001,"11S LU 67358 38238",991.57720900000004]
["C:\\Users\\Fire\\Desktop\\FEMA Inc Converter\\GPX2KMZ Open Converter\\Output\\Siemen_Loffredo20151016.csv",133,"Structure No Damage","2015-10-16T21:34:02Z",34.677727986127103,-118.44940002076299,"11S LU 67218 38261",994.47699]
["C:\\Users\\Fire\\Desktop\\FEMA Inc Converter\\GPX2KMZ Open Converter\\Output\\Siemen_Loffredo20151016.csv",134,"Structure No Damage","2015-10-16T21:34:09Z",34.677906017750502,-118.44990201294399,"11S LU 67173 38281",994.51641800000004]
["C:\\Users\\Fire\\Desktop\\FEMA Inc Converter\\GPX2KMZ Open Converter\\Output\\Siemen_Loffredo20151016.csv",135,"Structure No Damage","2015-10-16T21:34:11Z",34.677991010248597,-118.450131006538,"11S LU 67152 38291",994.52819799999895]
["C:\\Users\\Fire\\Desktop\\FEMA Inc Converter\\GPX2KMZ Open Converter\\Output\\Siemen_Loffredo20151016.csv",136,"Structure No Damage","2015-10-16T21:34:45Z",34.678901033475903,-118.45218599773899,"11S LU 66965 38395",990.19781499999897]
["C:\\Users\\Fire\\Desktop\\FEMA Inc Converter\\GPX2KMZ Open Converter\\Output\\Siemen_Loffredo20151016.csv",137,"Structure No Damage","2015-10-16T21:34:51Z",34.678761977702301,-118.452279036864,"11S LU 66956 38379",988.57891800000004]
["C:\\Users\\Fire\\Desktop\\FEMA Inc Converter\\GPX2KMZ Open Converter\\Output\\Siemen_Loffredo20151016.csv",138,"Structure No Damage","2015-10-16T21:34:58Z",34.678609007969399,-118.452312983572,"11S LU 66953 38362",987.38592500000004]
["C:\\Users\\Fire\\Desktop\\FEMA Inc Converter\\GPX2KMZ Open Converter\\Output\\Siemen_Loffredo20151016.csv",139,"Structure No Damage","2015-10-16T21:35:07Z",34.678515968844202,-118.452332010492,"11S LU 66951 38352",986.96331799999905]

{"sheet":"3-Strine_Bartram20151016","index":3,"n_rows":38,"n_cols":8,"rows_kept":38,"cut":false,"hidden":false,"merged":[]}
["filename","name","meaning","time","lat","long","usng","elevation"]
["C:\\Users\\Fire\\Desktop\\FEMA Inc Converter\\GPX2KMZ Open Converter\\Output\\Strine_Bartram20151016.csv",1,"Structure No Damage","2015-10-16T20:12:16Z",34.612473025918,-118.28438800759599,"11S LU 82244 30819",948.61444100000006]
["C:\\Users\\Fire\\Desktop\\FEMA Inc Converter\\GPX2KMZ Open Converter\\Output\\Strine_Bartram20151016.csv",2,"Structure No Damage",22,34.6119990292936,-118.284405022859,"11S LU 82242 30766",951.08905000000004]
["C:\\Users\\Fire\\Desktop\\FEMA Inc Converter\\GPX2KMZ Open Converter\\Output\\Strine_Bartram20151016.csv",3,"Structure No Damage",4,34.611612958833497,-118.284393036738,"11S LU 82242 30723",952.81115699999896]
["C:\\Users\\Fire\\Desktop\\FEMA Inc Converter\\GPX2KMZ Open Converter\\Output\\Strine_Bartram20151016.csv",4,"Structure No Damage",4,34.611222026869598,-118.284392030909,"11S LU 82242 30680",954.34240699999896]
["C:\\Users\\Fire\\Desktop\\FEMA Inc Converter\\GPX2KMZ Open Converter\\Output\\Strine_Bartram20151016.csv",5,"Structure No Damage",2,34.610082004219201,-118.284376021474,"11S LU 82242 30554",960.52673300000004]
["C:\\Users\\Fire\\Desktop\\FEMA Inc Converter\\GPX2KMZ Open Converter\\Output\\Strine_Bartram20151016.csv",6,"Structure No Damage",2,34.609145997092099,-118.284374009817,"11S LU 82241 30450",965.84423800000002]
["C:\\Users\\Fire\\Desktop\\FEMA Inc Converter\\GPX2KMZ Open Converter\\Output\\Strine_Bartram20151016.csv",7,"Structure No Damage","2015-10-16T20:15:34Z",34.6085659693926,-118.284358000382,"11S LU 82241 30386",967.22589100000005]
["C:\\Users\\Fire\\Desktop\\FEMA Inc Converter\\GPX2KMZ Open Converter\\Output\\Strine_Bartram20151016.csv",8,"Structure No Damage",3,34.607556033879497,-118.28433997929,"11S LU 82242 30274",970.12927200000001]
["C:\\Users\\Fire\\Desktop\\FEMA Inc Converter\\GPX2KMZ Open Converter\\Output\\Strine_Bartram20151016.csv",9,"Structure No Damage",4,34.6064000017941,-118.284190027043,"11S LU 82254 30145",976.31878700000004]
["C:\\Users\\Fire\\Desktop\\FEMA Inc Converter\\GPX2KMZ Open Converter\\Output\\Strine_Bartram20151016.csv",10,"Structure No Damage",2,34.605688964948001,-118.283763974905,"11S LU 82292 30066",981.04834000000005]
["C:\\Users\\Fire\\Desktop\\FEMA Inc Converter\\GPX2KMZ Open Converter\\Output\\Strine_Bartram20151016.csv",11,"Structure No Damage","2015-10-16T20:23:44Z",34.603233989328103,-118.282711962237,"11S LU 82385 29792",991.43975799999896]
["C:\\Users\\Fire\\Desktop\\FEMA Inc Converter\\GPX2KMZ Open Converter\\Output\\Strine_Bartram20151016.csv",12,"Structure No Damage","39733  87TH  MUD IN HOME",34.605100974440496,-118.28338704071901,"11S LU 82325 30000",982.30999799999904]
["C:\\Users\\Fire\\Desktop\\FEMA Inc Converter\\GPX2KMZ Open Converter\\Output\\Strine_Bartram20151016.csv",13,"Structure No Damage","VACANT WATER DAMAGE",34.606867963448103,-118.284327993169,"11S LU 82242 30197",976.10998500000005]
["C:\\Users\\Fire\\Desktop\\FEMA Inc Converter\\GPX2KMZ Open Converter\\Output\\Strine_Bartram20151016.csv",14,"Structure No Damage","2015-10-16T20:47:44Z",34.615078037604597,-118.260761015117,"11S LU 84414 31080",1005.657288]
["C:\\Users\\Fire\\Desktop\\FEMA Inc Converter\\GPX2KMZ Open Converter\\Output\\Strine_Bartram20151016.csv",15,"Structure No Damage","2015-10-16T20:48:01Z",34.614920038729899,-118.26116502284999,"11S LU 84377 31063",1001.9472050000001]
["C:\\Users\\Fire\\Desktop\\FEMA Inc Converter\\GPX2KMZ Open Converter\\Output\\Strine_Bartram20151016.csv",16,"Structure No Damage","2015-10-16T20:48:19Z",34.614856000989597,-118.26229297555901,"11S LU 84273 31058",992.39324999999894]
["C:\\Users\\Fire\\Desktop\\FEMA Inc Converter\\GPX2KMZ Open Converter\\Output\\Strine_Bartram20151016.csv",17,"Structure No Damage","2015-10-16T20:49:15Z",34.611278017982798,-118.26233798637899,"11S LU 84264 30661",958.30670199999895]
["C:\\Users\\Fire\\Desktop\\FEMA Inc Converter\\GPX2KMZ Open Converter\\Output\\Strine_Bartram20151016.csv",18,"Structure No Damage","2015-10-16T20:49:16Z",34.611212974414201,-118.26234402135,"11S LU 84263 30654",958.33349599999895]
["C:\\Users\\Fire\\Desktop\\FEMA Inc Converter\\GPX2KMZ Open Converter\\Output\\Strine_Bartram20151016.csv",19,"Structure No Damage",2,34.609507005661698,-118.261030996218,"11S LU 84382 30463",940.92663600000003]
["C:\\Users\\Fire\\Desktop\\FEMA Inc Converter\\GPX2KMZ Open Converter\\Output\\Strine_Bartram20151016.csv",20,"Structure No Damage","2015-10-16T20:50:49Z",34.6097319759428,-118.260184004902,"11S LU 84459 30487",947.41693099999895]
["C:\\Users\\Fire\\Desktop\\FEMA Inc Converter\\GPX2KMZ Open Converter\\Output\\Strine_Bartram20151016.csv",21,"Structure No Damage","2015-10-16T20:52:16Z",34.612179994583101,-118.260213006287,"11S LU 84460 30758",974.08905000000004]
["C:\\Users\\Fire\\Desktop\\FEMA Inc Converter\\GPX2KMZ Open Converter\\Output\\Strine_Bartram20151016.csv",22,"Structure No Damage","2015-10-16T20:52:18Z",34.612189969047897,-118.260285006836,"11S LU 84454 30760",973.85070800000005]
["C:\\Users\\Fire\\Desktop\\FEMA Inc Converter\\GPX2KMZ Open Converter\\Output\\Strine_Bartram20151016.csv",23,"Structure No Damage","2015-10-16T20:53:33Z",34.612179994583101,-118.26076503842999,"11S LU 84410 30759",972.14855999999895]
["C:\\Users\\Fire\\Desktop\\FEMA Inc Converter\\GPX2KMZ Open Converter\\Output\\Strine_Bartram20151016.csv",24,"Structure No Damage","7650  DAMAGE WATER MUD",34.610233968123701,-118.26675298623699,"11S LU 83858 30550",939.49224900000002]
["C:\\Users\\Fire\\Desktop\\FEMA Inc Converter\\GPX2KMZ Open Converter\\Output\\Strine_Bartram20151016.csv",25,"Structure No Damage","2015-10-16T21:00:11Z",34.6115340013056,-118.27022602781599,"11S LU 83541 30698",943.93981900000006]
["C:\\Users\\Fire\\Desktop\\FEMA Inc Converter\\GPX2KMZ Open Converter\\Output\\Strine_Bartram20151016.csv",26,"Structure No Damage",3,34.6141370013356,-118.27730496414,"11S LU 82896 30995",943.122253]
["C:\\Users\\Fire\\Desktop\\FEMA Inc Converter\\GPX2KMZ Open Converter\\Output\\Strine_Bartram20151016.csv",27,"Structure No Damage","2015-10-16T21:02:25Z",34.6149219665676,-118.279745019972,"11S LU 82673 31085",947.56457499999897]
["C:\\Users\\Fire\\Desktop\\FEMA Inc Converter\\GPX2KMZ Open Converter\\Output\\Strine_Bartram20151016.csv",28,"Structure No Damage",4,34.615179961547199,-118.280565021559,"11S LU 82598 31115",948.698669]
["C:\\Users\\Fire\\Desktop\\FEMA Inc Converter\\GPX2KMZ Open Converter\\Output\\Strine_Bartram20151016.csv",29,"Structure No Damage",4,34.615952018648301,-118.282741969451,"11S LU 82400 31203",951.51245100000006]
["C:\\Users\\Fire\\Desktop\\FEMA Inc Converter\\GPX2KMZ Open Converter\\Output\\Strine_Bartram20151016.csv",30,"Structure No Damage",3,34.617105033248599,-118.285981994122,"11S LU 82104 31334",950.87530500000003]
["C:\\Users\\Fire\\Desktop\\FEMA Inc Converter\\GPX2KMZ Open Converter\\Output\\Strine_Bartram20151016.csv",31,"Structure No Damage","8854  MINOR DAMAGE",34.617708027362802,-118.28784503974001,"11S LU 81935 31403",954.28027299999906]
["C:\\Users\\Fire\\Desktop\\FEMA Inc Converter\\GPX2KMZ Open Converter\\Output\\Strine_Bartram20151016.csv",32,"Structure No Damage","9000 MINOR",34.618222005665302,-118.289006017148,"11S LU 81829 31462",955.70013400000005]
["C:\\Users\\Fire\\Desktop\\FEMA Inc Converter\\GPX2KMZ Open Converter\\Output\\Strine_Bartram20151016.csv",33,"Structure No Damage","2015-10-16T21:07:09Z",34.620025958865803,-118.294053012505,"11S LU 81369 31668",967.10162400000002]
["C:\\Users\\Fire\\Desktop\\FEMA Inc Converter\\GPX2KMZ Open Converter\\Output\\Strine_Bartram20151016.csv",34,"Structure No Damage","2015-10-16T21:07:14Z",34.620152022689503,-118.294438999146,"11S LU 81333 31682",967.06011999999896]
["C:\\Users\\Fire\\Desktop\\FEMA Inc Converter\\GPX2KMZ Open Converter\\Output\\Strine_Bartram20151016.csv",35,"Structure No Damage","2015-10-16T21:07:22Z",34.620343968272202,-118.294976027682,"11S LU 81284 31704",969.51739499999906]
["C:\\Users\\Fire\\Desktop\\FEMA Inc Converter\\GPX2KMZ Open Converter\\Output\\Strine_Bartram20151016.csv",36,"Structure No Damage","2015-10-16T21:07:33Z",34.620652003213699,-118.295852020382,"11S LU 81205 31739",971.02441399999896]
["C:\\Users\\Fire\\Desktop\\FEMA Inc Converter\\GPX2KMZ Open Converter\\Output\\Strine_Bartram20151016.csv",37,"Structure No Damage","2015-10-16T23:04:35Z",34.6735869906842,-118.43094198033199,"11S LU 68903 37777",1006.476868]